) = -1. Let b(n) = l*m(n) + 3*g(n). Give b(-5).
-8
Let f(b) be the first derivative of -b**2/2 + 6*b + 36. Give f(6).
0
Let c(o) = o + 1. Let v(y) = 4*y + 5. Let q(b) = 9*c(b) - 2*v(b). Give q(-3).
-4
Let j(z) = -2*z**2 + 9*z - 7. Let n(k) = -k**2 + 5*k - 4. Let w = -1 - -1. Suppose -o + w = 7. Let t(a) = o*n(a) + 4*j(a). Determine t(0).
0
Let u(l) = l**2 + 12*l - 6. Let v be u(-13). Let h(t) = t**3 - 8*t**2 + 7*t - 6. Determine h(v).
-6
Let r(n) = -2*n - 3. Suppose 5*q - 5*x + 25 = 0, -5*x + 12 = -3*q - 7. What is r(q)?
3
Let p(t) = -t. Let n = -19 + 14. Give p(n).
5
Let u(y) = -y**3 + 11*y**2 - 1. Let j = 20 + -9. Let c be u(j). Let g(n) = -n**3 - 2*n**3 + 2*n**3 - 1. Calculate g(c).
0
Let n(v) = -v**3 - 14*v**2 - 12*v + 17. Let u be n(-13). Let q(h) = 3*h - 3*h + h - 3*h + u. Let y be ((-6)/(-4))/(3/8). What is q(y)?
-4
Let t(l) = -l**3 - l**2 - 1. Suppose -7*i - 23 = -3*i - p, -4*p = 4. Let q be (2/i)/(2/12). What is t(q)?
3
Let i(f) = -f**3 + 3 - 2 + 22*f + 2*f**2 - 19*f. Suppose -5*p - 5*w = -35, p - 5*w = -p - 14. What is i(p)?
1
Let y(j) = j**3 + j**2 - j - 1. Let o(i) = -5*i**3 - 5*i**2 + 5*i + 11. Let k(h) = -o(h) - 6*y(h). Determine k(0).
-5
Suppose 32 = 4*g + 2*n - 0, g + 4*n = 1. Suppose 2*a - 9 = -3*a + 4*m, m - g = -a. Let b(v) = -v + 4. What is b(a)?
-1
Suppose -17 = 4*s - 1. Let b(w) be the third derivative of -1/6*w**3 + 0*w + 1/24*w**4 + 2*w**2 + 0. What is b(s)?
-5
Let z(m) = -m + 3. Let i(p) = 0*p**2 - 7*p + 2*p**2 + 8 - p**2. Let b be i(6). Suppose 2*j = -b*o + 2, j + o = -3*j + 1. Calculate z(j).
3
Let l be (-1)/(-5) + 12/(-10). Let n(z) = 8*z**2 + 2*z + 1. Calculate n(l).
7
Let o(q) = -9*q**3 + 4*q**2 + 4*q. Let d(t) = t**3 - t. Let b(u) = 6*d(u) + o(u). Calculate b(2).
-12
Let w(y) = y**3 - 3*y**2 - 5*y + 5. Let m(a) = -2*a**3 + 6*a**2 + 9*a - 10. Let s(o) = 2*m(o) + 5*w(o). What is s(4)?
-7
Let x(u) = -u**2 - 8*u + 10. Suppose -2*k - 2 = 16. Let b be x(k). Let m(r) = r**2 + r**3 - 2*r + r - 1 - b. Calculate m(-2).
-4
Let t(m) be the second derivative of -m**4/12 - m**3/6 - 5*m**2/2 - 3*m. What is t(0)?
-5
Let q be ((-4)/(-6))/((-2)/9). Let b(y) = -5*y + 1. Calculate b(q).
16
Suppose 10 = -r - r. Let o = -11 - -13. Let k(n) = n**2 + 3*n + 4*n + 0*n**o + 2. Determine k(r).
-8
Let z(o) be the second derivative of 1/12*o**4 + 5/2*o**2 + 4*o - 1/3*o**3 + 0. Calculate z(4).
13
Let a(h) = h**2 + h + 1. Let x(z) = z**3 + 3*z**2 + 3. Let t(c) = -a(c) + x(c). Let n(r) = r**3 + 2*r**2 + r - 1. Let f be n(-2). Determine t(f).
-4
Let r = -29 + 36. Suppose 3*d = 5*s + 25, 3*s + 23 = 5*d + 4*s. Let b(y) = 4 - r*y - d + 1 - 1. Give b(-1).
6
Suppose 5*o + 5*v = 40, -v - 2*v - 11 = -4*o. Let i(w) = 5*w + 2. Determine i(o).
27
Suppose 0 = -0*u + u. Suppose 4*p - 2*m - 4 = -3*m, -3*p + 2*m + 14 = u. Let z be -1 + (0 - p) + 0. Let n(b) = -b**3 - 5*b**2 - 2*b + 4. What is n(z)?
-8
Let m(g) = g**3 - 3*g**2 + 2*g - 4. Let s be m(3). Suppose -5*r + 2 = -13, 0 = 2*z + s*r - 4. Let b(a) = 0*a - a - 2*a. Give b(z).
3
Suppose -4*v + 2*u = -14, 2*u = -3*v - 2*v + 13. Let t(r) = -5*r - 1 + 3*r + v*r + 0*r. What is t(5)?
4
Suppose 0 = 2*u + 2*u - 8. Let p(j) be the third derivative of -j**5/60 + j**4/24 - j**2. Give p(u).
-2
Let f(j) = -j - 3*j**2 + 3 - 3*j - j**2 + j**3. Let c be (-2 + 4)*2/4. Let x(m) = 6*m**3 - m**2. Let a be x(c). Determine f(a).
8
Let t(l) = l**3 + 2*l**2 - 2*l + 1. Let b(q) = q**3 - 3*q**2 - 3*q - 2. Let j be b(4). Suppose 1 = j*d + 7. Give t(d).
-2
Let l(j) = 9*j**2 - 2*j + 1. Let z(f) = -17*f**2 + 3*f - 2. Let s(r) = 5*l(r) + 3*z(r). Let d be 0 - 1 - (-1 + 1). Calculate s(d).
-6
Let l(i) = 6*i**3 - 3*i**2 - 3*i + 10*i**3 - 15*i**3 + 2. Give l(3).
-7
Let w(c) = 3 - 5 - 6*c**2 - c**3 + 4 - 1. Let y be w(-6). Let v(z) be the second derivative of 3*z**4/4 + z**3/6 - z**2/2 + 7*z. Determine v(y).
9
Let f(b) = -b**2 + 7*b - 8. Let a(i) = -7*i**3 - i**2 - 2*i - 2. Let w be a(-1). Give f(w).
-2
Let j(l) = l + 3. Let r = 33 + -36. What is j(r)?
0
Suppose 10 = 3*j - 8*j. Let u(m) = -m**2 + 2*m + 2. Give u(j).
-6
Suppose 3*h - 3*x + 6 = 2*x, 0 = -4*h + 3*x + 3. Let q = -2 - h. Let i = 4 + q. Let u(t) = 8*t - 1. Determine u(i).
-9
Let z = -4 + 2. Suppose 2*t + 2*t - 8 = 0. Let f(v) = 0 - t*v - 1 + 5*v. Determine f(z).
-7
Let b(s) be the first derivative of s**3/3 + 6*s + 4. Suppose 2*o = -4*k + 12, -o - k = 3*k - 14. Let j be (0/(-2))/(o/(-2)). What is b(j)?
6
Let c(q) = q**3 + 14*q**2 + 12*q - 17. Let v be c(-13). Let u(y) = 7*y**2 - 1 + 2*y + y**3 - 3*y**2 + 0*y. Give u(v).
-9
Let k(j) = -1. Let t(u) = -3*u + 12. Let n(x) = -18*k(x) - t(x). Determine n(-4).
-6
Suppose 109 = -4*r + 129. Let a(l) = l**3 - 5*l**2 - l + 2. Calculate a(r).
-3
Let s(f) = 3*f + 4. Let g(p) = -3 + 2*p + 3*p - 7*p. Let t(h) = -7*g(h) - 5*s(h). Give t(5).
-4
Let k(p) = 4*p + 1. Suppose 0 = -3*o + 6, 3*c - 3*o + 1 = -2. What is k(c)?
5
Let y(v) = v**3 - 3*v**2 + v + 2. Let i be y(2). Let c(s) be the third derivative of s**2 - 1/3*s**3 + 1/12*s**4 + 0 + i*s. Give c(-4).
-10
Let n(r) = 2*r. Suppose -4*g - 4*b = -0*g - 20, 0 = -4*g + 2*b + 8. Determine n(g).
6
Let y be (-10)/(-3)*(432/(-40))/(-6). Let o(d) = -5*d - 12. Let t = 10 - 15. Let l(w) = 4*w + 11. Let j(q) = t*o(q) - 6*l(q). Determine j(y).
0
Suppose 4*j = -0*j. Suppose -4*b - 2*i = -b - 12, b - 4*i - 18 = j. Let n(m) = -m**3 + 5*m**2 + 6*m + 2. Give n(b).
2
Suppose -2*s - s + 12 = 0. Let p(j) = -j**3 + 5*j**2 - 3*j + 2. What is p(s)?
6
Let y = 5 + -2. Let r(m) = m - 2. Calculate r(y).
1
Let p(r) = -r**2 - r + 2. Let h(v) = 3*v**2 + 2*v + 1. Let z be h(-1). Determine p(z).
-4
Let r(u) = 7*u + 5. Let j(b) = -6*b - 4. Let y(c) = 4*j(c) + 3*r(c). What is y(-1)?
2
Let a(o) = o**3 - 4*o**2 + 3*o - 3. Suppose z - 13 = 3*w + 3*z, -2*z = -2. Let m be ((-15)/w)/(2/2). Suppose -12 = m*j - 7*j. Give a(j).
-3
Let b(j) = -4*j**2 - 9*j - 13. Let x(k) = -k**2 - k - 1. Let h(o) = -b(o) + 5*x(o). Give h(6).
-4
Let k(m) = m + 3. Suppose 2 = -d + 2*p, 4 = 5*d + 2*p + 2*p. What is k(d)?
3
Let m be 20/(-18)*3*(-12)/10. Let t(i) = -2*i**3 + 13*i**2 - 5*i - 1. Let k(z) = z**3 - 7*z**2 + 3*z + 1. Let y(u) = 7*k(u) + 4*t(u). Determine y(m).
-9
Let x(h) be the first derivative of h**2 + 4*h - 11. What is x(3)?
10
Let n(p) = -p**3 + p**2. Let y be n(0). Let q(j) = y*j - 1 - 2 - 2*j**2 + 2*j + 1. Determine q(2).
-6
Let b = 26 + -207/8. Let y(s) be the third derivative of 1/6*s**3 - 1/60*s**5 - 3*s**2 + b*s**4 + 0 + 0*s. Calculate y(4).
-3
Let m(z) be the first derivative of z**5/20 - z**4/6 + z**3/6 - z**2/2 - 2*z + 2. Let q(r) be the first derivative of m(r). Determine q(2).
1
Let x be (-2)/(-6)*0 - 3. Let r(o) be the third derivative of 0 + o**2 + 1/24*o**4 + 0*o - 1/6*o**3. What is r(x)?
-4
Let c(g) = g**3 - g**2 - 3*g + 1. Let o(x) = 0*x**2 - x + 0*x**2 + 2 - x**2. Let f be o(-2). Let i be 3 + f - 1/1. Give c(i).
-1
Let l(y) = -2*y**2 + 4*y + 4. Suppose 5*q = 3*h + 35, -11*q + 6*q = h - 15. Determine l(q).
-12
Let a(d) = 10*d**3 + 13*d**2 - 5*d + 10. Let u(v) = 7*v**3 + 9*v**2 - 3*v + 7. Let w(g) = 5*a(g) - 7*u(g). Give w(-3).
4
Let q(z) = -z + 8. Suppose -x + 2*g - 2 = 3*x, g + 3 = 4*x. Suppose u - 3*l + 10 = 0, 3*l - 8 = x*u - 0*l. Suppose u*j - 10 = -0. Determine q(j).
3
Let w(m) = 0*m**2 + 0*m + 5*m - m**2 - 1. Let u be ((-8)/(-3))/(1*(-8)/(-12)). Determine w(u).
3
Let l(w) = w + 1. Let m(t) = -3*t + 0*t - 2 - 3*t + t. Let o(u) = 4*l(u) + m(u). Determine o(-4).
6
Let v = 13 - 8. Let o(h) be the third derivative of -h**6/120 + h**5/10 - 5*h**4/24 - h**3/6 - 2*h**2. Determine o(v).
-1
Suppose 0 = -4*m - n + 8, 0 = 4*m + 2*n + 3*n - 8. Let u(x) = 5*x**2 - 2*x**2 - 22*x + 10*x + 9*x. Give u(m).
6
Let w(i) = i**3 + i + i**2 + i**3 - 3*i**2 + i**2 + 2. Give w(2).
16
Let g(r) = -5*r + 8*r + 4*r - 17. Let c(q) = -11*q + 26. Let w(i) = -5*c(i) - 8*g(i). Suppose -3*k + 3 = -2*f - 1, -10 = 5*f. Determine w(k).
6
Let r(b) = 10*b - 3. Suppose 5*x = 2*l + 11, -3*l = 5*x - 10 - 11. What is r(x)?
27
Let l(g) = g**3 - 7*g**2 + 6*g - 3. Suppose -p + 2 = d, 5*p - 4*d = 2*p - 8. Let c(z) = z + 6. Let h be c(p). Calculate l(h).
-3
Let m(q) = q**2 + 2*q + 3. Let p(f) = f**2 - 8*f + 10. Let y be p(7). Let r(a) = 2*a - 3. Let h be r(y). Suppose -h*z - 2 = 7. Give m(z).
6
Let d(h) be the first derivative of -h**2/2 - h + 7. What is d(-1)?
0
Supp